 2?
0
What is the remainder when 551 is divided by 90?
11
What is the remainder when 396 is divided by 223?
173
What is the remainder when 690 is divided by 21?
18
Calculate the remainder when 335 is divided by 290.
45
Calculate the remainder when 295 is divided by 101.
93
What is the remainder when 2506 is divided by 114?
112
Calculate the remainder when 28 is divided by 24.
4
Calculate the remainder when 7179 is divided by 19.
16
What is the remainder when 1450 is divided by 162?
154
Calculate the remainder when 52 is divided by 18.
16
Calculate the remainder when 664 is divided by 317.
30
What is the remainder when 11 is divided by 6?
5
Calculate the remainder when 1605 is divided by 39.
6
What is the remainder when 92 is divided by 28?
8
What is the remainder when 450 is divided by 21?
9
What is the remainder when 1364 is divided by 35?
34
What is the remainder when 154 is divided by 5?
4
What is the remainder when 639 is divided by 312?
15
What is the remainder when 1099 is divided by 55?
54
What is the remainder when 58 is divided by 21?
16
What is the remainder when 8591 is divided by 45?
41
What is the remainder when 49 is divided by 28?
21
What is the remainder when 225 is divided by 78?
69
What is the remainder when 125 is divided by 23?
10
Calculate the remainder when 13008 is divided by 169.
164
Calculate the remainder when 591 is divided by 180.
51
What is the remainder when 8559 is divided by 7?
5
What is the remainder when 338 is divided by 31?
28
What is the remainder when 71 is divided by 24?
23
What is the remainder when 233 is divided by 48?
41
Calculate the remainder when 303 is divided by 61.
59
Calculate the remainder when 634 is divided by 53.
51
Calculate the remainder when 2738 is divided by 28.
22
What is the remainder when 1357 is divided by 170?
167
What is the remainder when 2225 is divided by 278?
1
What is the remainder when 102 is divided by 21?
18
What is the remainder when 194 is divided by 15?
14
Calculate the remainder when 7026 is divided by 11.
8
Calculate the remainder when 104 is divided by 28.
20
What is the remainder when 510 is divided by 27?
24
What is the remainder when 125 is divided by 32?
29
Calculate the remainder when 83 is divided by 43.
40
What is the remainder when 476 is divided by 8?
4
What is the remainder when 67 is divided by 61?
6
What is the remainder when 5064 is divided by 316?
8
Calculate the remainder when 1814 is divided by 1813.
1
Calculate the remainder when 169 is divided by 112.
57
Calculate the remainder when 1079 is divided by 30.
29
What is the remainder when 261 is divided by 52?
1
Calculate the remainder when 217 is divided by 36.
1
Calculate the remainder when 170 is divided by 151.
19
Calculate the remainder when 364 is divided by 47.
35
Calculate the remainder when 123 is divided by 19.
9
What is the remainder when 185 is divided by 31?
30
What is the remainder when 305 is divided by 105?
95
Calculate the remainder when 105 is divided by 35.
0
What is the remainder when 973 is divided by 140?
133
What is the remainder when 2918 is divided by 127?
124
What is the remainder when 1144 is divided by 28?
24
Calculate the remainder when 167 is divided by 48.
23
Calculate the remainder when 375 is divided by 25.
0
What is the remainder when 68 is divided by 19?
11
What is the remainder when 1221 is divided by 18?
15
What is the remainder when 280 is divided by 145?
135
Calculate the remainder when 362 is divided by 37.
29
Calculate the remainder when 3858 is divided by 143.
140
What is the remainder when 536 is divided by 324?
212
What is the remainder when 19 is divided by 11?
8
Calculate the remainder when 764 is divided by 31.
20
Calculate the remainder when 686 is divided by 174.
164
What is the remainder when 68 is divided by 36?
32
Calculate the remainder when 800 is divided by 40.
0
What is the remainder when 36 is divided by 20?
16
What is the remainder when 2977 is divided by 13?
0
Calculate the remainder when 4233 is divided by 77.
75
What is the remainder when 3722 is divided by 1239?
5
What is the remainder when 3771 is divided by 77?
75
Calculate the remainder when 43 is divided by 26.
17
What is the remainder when 991 is divided by 17?
5
Calculate the remainder when 59 is divided by 18.
5
Calculate the remainder when 105 is divided by 11.
6
Calculate the remainder when 1012 is divided by 41.
28
Calculate the remainder when 95 is divided by 70.
25
What is the remainder when 415 is divided by 69?
1
Calculate the remainder when 38 is divided by 8.
6
Calculate the remainder when 928 is divided by 93.
91
Calculate the remainder when 40 is divided by 32.
8
Calculate the remainder when 291 is divided by 42.
39
Calculate the remainder when 136 is divided by 17.
0
What is the remainder when 393 is divided by 23?
2
Calculate the remainder when 224 is divided by 62.
38
What is the remainder when 230 is divided by 228?
2
What is the remainder when 1407 is divided by 240?
207
Calculate the remainder when 275 is divided by 49.
30
Calculate the remainder when 166 is divided by 54.
4
What is the remainder when 2200 is divided by 6?
4
Calculate the remainder when 33 is divided by 33.
0
What is the remainder when 211 is divided by 72?
67
Calculate the remainder when 213 is divided by 86.
41
What is the remainder when 443 is divided by 170?
103
What is the remainder when 433 is divided by 63?
55
Calculate the remainder when 127 is divided by 38.
13
What is the remainder when 176 is divided by 76?
24
What is the remainder when 171 is divided by 35?
31
What is the remainder when 69 is divided by 27?
15
Calculate the remainder when 106 is divided by 2.
0
Calculate the remainder when 208 is divided by 16.
0
What is the remainder when 223 is divided by 79?
65
Calculate the remainder when 306 is divided by 105.
96
Calculate the remainder when 500 is divided by 84.
80
What is the remainder when 528 is divided by 113?
76
Calculate the remainder when 1194 is divided by 92.
90
Calculate the remainder when 2493 is divided by 158.
123
What is the remainder when 152 is divided by 52?
48
What is the remainder when 274 is divided by 264?
10
What is the remainder when 475 is divided by 40?
35
Calculate the remainder when 327 is divided by 163.
1
What is the remainder when 154 is divided by 115?
39
Calculate the remainder when 12277 is divided by 27.
19
What is the remainder when 148 is divided by 39?
31
What is the remainder when 249 is divided by 26?
15
Calculate the remainder when 671 is divided by 164.
15
Calculate the remainder when 85 is divided by 4.
1
What is the remainder when 268 is divided by 6?
4
What is the remainder when 19454 is divided by 64?
62
What is the remainder when 1051 is divided by 39?
37
What is the remainder when 367 is divided by 123?
121
Calculate the remainder when 2489 is divided by 96.
89
Calculate the remainder when 117 is divided by 93.
24
Calculate the remainder when 247 is divided by 110.
27
Calculate the remainder when 2183 is divided by 19.
17
Calculate the remainder when 135 is divided by 51.
33
What is the remainder when 49 is divided by 26?
23
What is the remainder when 245 is divided by 41?
40
Calculate the remainder when 133 is divided by 65.
3
What is the remainder when 146 is divided by 53?
40
What is the remainder when 265 is divided by 108?
49
Calculate the remainder when 125 is divided by 32.
29
What is the remainder when 1554 is divided by 140?
14
What is the remainder when 175 is divided by 88?
87
Calculate the remainder when 1073 is divided by 11.
6
Calculate the remainder when 141 is divided by 37.
30
What is the remainder when 113 is divided by 9?
5
What is the remainder when 60 is divided by 33?
27
What is the remainder when 2267 is divided by 3?
2
Calculate the remainder when 551 is divided by 137.
3
Calculate the remainder when 553 is divided by 9.
4
Calculate the remainder when 5065 is divided by 6.
1
Calculate the remainder when 439 is divided by 133.
40
Calculate the remainder when 195 is divided by 31.
9
What is the remainder when 226 is divided by 6?
4
What is the remainder when 6015 is divided by 70?
65
What is the remainder when 299 is divided by 8?
3
Calculate the remainder when 395 is divided by 197.
1
What is the remainder whe